10110000100111
In base 6, what is 142054 - -413243?
555341
In base 7, what is -24 + 54534422?
54534365
In base 8, what is -14376 + -103516?
-120114
In base 9, what is -217 + 42004?
41676
In base 16, what is -1bccd - 2d?
-1bcfa
In base 10, what is 5 - 14725511?
-14725506
In base 6, what is -125533215 - 10?
-125533225
In base 2, what is -1000010101110101100001 - -101?
-1000010101110101011100
In base 16, what is -1 + 23aa858?
23aa857
In base 8, what is -6265374 - 0?
-6265374
In base 5, what is 3 - -23331321023?
23331321031
In base 7, what is -10152 - -3130?
-4022
In base 15, what is c5317 - -2?
c5319
In base 6, what is -4 + 55203151?
55203143
In base 8, what is 3 - -703304374?
703304377
In base 10, what is 176919 - -123?
177042
In base 13, what is 7987510 + -1?
798750c
In base 8, what is -5261 + -1057?
-6340
In base 5, what is 0 + 233214442043?
233214442043
In base 9, what is -1 + 168652?
168651
In base 7, what is 36 + 26253350?
26253416
In base 8, what is 101365 + -2237?
77126
In base 3, what is -1002100202211212 - 200?
-1002100202212112
In base 9, what is 31 - 3762568?
-3762537
In base 6, what is -1341223 - 44401?
-1430024
In base 2, what is 10001000010 + 11110011010010100?
11110101011010110
In base 7, what is -5 + -154334460?
-154334465
In base 4, what is 3303232 - 31103?
3212123
In base 16, what is 18fe + 97d?
227b
In base 5, what is 132234144 - -434?
132240133
In base 9, what is 2 - -7653370?
7653372
In base 4, what is -10330320131 + 1102?
-10330313023
In base 10, what is -128 + -111128?
-111256
In base 4, what is 213 - -3011010022?
3011010301
In base 6, what is 12044423424 - 10?
12044423414
In base 11, what is -129386105 + 3?
-129386102
In base 13, what is -5715 - 2653?
-8068
In base 5, what is 3321 - 1230430?
-1222104
In base 10, what is -8 - 13449155?
-13449163
In base 16, what is -1402c9f + -3?
-1402ca2
In base 11, what is -12 - 7132?
-7144
In base 4, what is -1131 + -1211221031?
-1211222222
In base 13, what is 4 - 14ab7840?
-14ab7839
In base 10, what is -1877 - 14795?
-16672
In base 16, what is ce17 + -ce?
cd49
In base 11, what is 30a + 19639?
19948
In base 3, what is -200102120101 + -1102101?
-200110222202
In base 8, what is -5 - 1157723213?
-1157723220
In base 16, what is -887002 + -3?
-887005
In base 8, what is 5 + 2306463573?
2306463600
In base 2, what is 10100100010 + -10100100111011100?
-10100010010111010
In base 7, what is -6 + 104535414?
104535405
In base 9, what is -576 - 61228?
-61815
In base 10, what is -143634 - -307?
-143327
In base 9, what is -34232050 - 16?
-34232066
In base 9, what is 154865 - 1101?
153764
In base 6, what is -11343501530 - -1?
-11343501525
In base 5, what is -34431303211 - -20?
-34431303141
In base 7, what is -3201155 - 1?
-3201156
In base 6, what is 3145454 + -4545?
3140505
In base 12, what is 2855 - 8958?
-6103
In base 13, what is 24 - -b630c?
b6333
In base 11, what is -5705aa435 + -5?
-5705aa43a
In base 12, what is -121 - 61837?
-61958
In base 16, what is 3 + f6c58b?
f6c58e
In base 16, what is -4a18f1 + 3?
-4a18ee
In base 13, what is -ac98 - -252?
-aa46
In base 5, what is 3121224 + 421?
3122200
In base 8, what is 11626 - -416216?
430044
In base 10, what is 15 - -334233?
334248
In base 3, what is -10 - -110012202101121220?
110012202101121210
In base 13, what is -7a70b - -53?
-7a688
In base 15, what is -527 + -5099?
-55c1
In base 15, what is 5 + -5d65b2?
-5d65ac
In base 11, what is 1372 + -2443?
-1081
In base 4, what is -1122223002 + -13?
-1122223021
In base 13, what is 64c5 - 1731?
4a94
In base 15, what is -4 - -94dec7?
94dec3
In base 12, what is 1159227 - 0?
1159227
In base 4, what is -3 + -13012121313320?
-13012121313323
In base 7, what is -22232 + -1540?
-24102
In base 2, what is 1010 - 11011110110111010010011101?
-11011110110111010010010011
In base 3, what is 1210 + 21111200112?
21111202022
In base 15, what is -89d - 1471?
-1d1e
In base 11, what is -2769815 + 17?
-27697a9
In base 11, what is -8837a + 30?
-8834a
In base 14, what is 902329 + d?
902338
In base 9, what is -2 - 2656426?
-2656428
In base 4, what is 1322131 + -30120332?
-22132201
In base 10, what is 1663928 - -5?
1663933
In base 10, what is 56025969 + 1?
56025970
In base 4, what is 32 + -132011321031?
-132011320333
In base 3, what is 221120 + -111012122?
-110021002
In base 13, what is 3 - 72a651?
-72a64b
In base 12, what is -4 - -8b34bb?
8b34b7
In base 8, what is -1017 + -16161?
-17200
In base 9, what is 16 - 1036836?
-1036820
In base 13, what is 5 - 5198b159?
-5198b154
In base 12, what is -1670 - 3114?
-4784
In base 8, what is 371 - -1546725?
1547316
In base 7, what is -13212 + -3636?
-20151
In base 10, what is -47095313 + -1?
-47095314
In base 4, what is 113 + -333101322?
-333101203
In base 9, what is -611 - 287880?
-288601
In base 2, what is 100 + -11001111011111010000110010?
-11001111011111010000101110
In base 10, what is -512672 + -842?
-513514
In base 10, what is -15 + 1922429?
1922414
In base 3, what is 200 - -101010102202?
101010110102
In base 6, what is -140 - -3232103?
3231523
In base 12, what is 19b4 + 589?
2381
In base 10, what is -144875840 + 5?
-144875835
In base 14, what is 17d470b - -2?
17d470d
In base 7, what is -5 + -4214031432?
-4214031440
In base 15, what is 843851 + -13?
84383d
In base 4, what is -32030203 + 3302130?
-22122013
In base 5, what is 3122232 - 24421?
3042311
In base 8, what is 2 + -1000306?
-1000304
In base 15, what is -1b4dba - -18?
-1b4da2
In base 7, what is 110 + -1331033?
-1330623
In base 14, what is -a82b7b8 + 3?
-a82b7b5
In base 11, what is -4 - -10a8a97?
10a8a93
In base 12, what is -335 - 639?
-972
In base 6, what is -10153430 - 2235?
-10200105
In base 2, what is 10001001100101 - 10011001100?
1110110011001
In base 5, what is -4311012 - 3?
-4311020
In base 16, what is 97 - 1fe4?
-1f4d
In base 14, what is 169c + -1d2?
14aa
In base 2, what is -101110100 - -10010100010110?
10001110100010
In base 16, what is -4 + -798464?
-798468
In base 15, what is -a56b6d + -5?
-a56b73
In base 9, what is 6 + -6443380?
-6443373
In base 16, what is -14 - fd64f?
-fd663
In base 14, what is 44c5b01 + 2?
44c5b03
In base 16, what is -4 - 2781bd6?
-2781bda
In base 8, what is 7511400 - -10?
7511410
In base 4, what is -10 - 202222201210?
-202222201220
In base 2, what is -100010 - -10100110111101110010000?
10100110111101101101110
In base 16, what is 3630 - -1261?
4891
In base 5, what is -3 - -441314312201?
441314312143
In base 16, what is -1 - -46392e2?
46392e1
In base 5, what is 222424 - -212021?
440000
In base 8, what is -63 + -27114247?
-27114332
In base 3, what is 2200012112002202 - 20?
2200012112002112
In base 8, what is -41 + -1244426?
-1244467
In base 4, what is 1131023213030 - 10?
1131023213020
In base 12, what is -172 - 665349?
-6654bb
In base 16, what is -1867 + -970?
-21d7
In base 5, what is -1313124400 - 0?
-1313124400
In base 12, what is 2ab + -77a8?
-74b9
In base 11, what is 81 + -103572?
-1034a1
In base 11, what is -1 + 69808a3?
69808a2
In base 10, what is 1330 + 386377?
387707
In base 3, what is -101022002120 - -10222?
-101021221121
In base 6, what is -1205233 + 344?
-1204445
In base 4, what is -210103333003 + -3?
-210103333012
In base 11, what is -1527a - -948?
-14432
In base 15, what is 14e + 331e?
346d
In base 12, what is 998b4 - 38?
99878
In base 14, what is -8240 + -7a8?
-8a08
In base 13, what is 1044a15a - 2?
1044a158
In base 3, what is 10002122 + 110120210?
120200102
In base 3, what is -12120201110 - 12101?
-12120220211
In base 13, what is -10 - 107b9391?
-107b93a1
In base 7, what is -104440 + -20?
-104460
In base 4, what is 131103 + 210211?
1001320
In base 8, what is -37626743 - -2?
-37626741
In base 6, what is -223414314 - 1121?
-223415435
In base 4, what is 10232301022 + 2?
10232301030
In base 14, what is -5d410b - 118?
-5d4225
In base 14, what is -11 - -376170?
37615d
In base 11, what is -27 - -56603?
56587
In base 15, what is 12d7ee4 - -5?
12d7ee9
In base 6, what is 13223401344 - 1?
13223401343
In base 14, what is 6a1 + -1a3c8?
-19b27
In base 14, what is 65 - 5b4d?
-5ac8
In base 2, what is -10 - 10100011101001000010011101?
-10100011101001000010011111
In base 14, what is 4dd - -3397?
3896
In base 11, what is -2482a + -27?
-24856
In base 16, what is 461b18 - b?
461b0d
In base 11, what is -11751221 +